{"id":56,"date":"2023-09-10T16:51:47","date_gmt":"2023-09-10T16:51:47","guid":{"rendered":"https:\/\/camper-doosie.nl\/?page_id=56"},"modified":"2024-01-03T20:20:55","modified_gmt":"2024-01-03T20:20:55","slug":"voorraad","status":"publish","type":"page","link":"https:\/\/camper-doosie.nl\/?page_id=56","title":{"rendered":"Voorraad"},"content":{"rendered":"<p><span style=\"font-family: tahoma, arial, helvetica, sans-serif; font-size: 16px;\">Op dit moment hebben we \u00e9\u00e9n nieuwe compleet Camper-Doosie-pakket op voorraad.<br \/>Met deze camperinrichting heeft u een bed, een zit, een keuken \u00e9n veel bagageruimte.<\/span><\/p>\n\n\n<figure class=\"wp-block-video\"><video height=\"540\" style=\"aspect-ratio: 960 \/ 540;\" width=\"960\" controls src=\"https:\/\/camper-doosie.nl\/wp-content\/uploads\/2023\/09\/Camper-doosie-pakket-1.0.mp4\"><\/video><\/figure>\n\n\n<p><span style=\"font-family: tahoma, arial, helvetica, sans-serif; font-size: 16px;\">Het Camper-Doosie-pakket bestaat uit:<\/span><\/p>\n<p><span style=\"font-family: tahoma, arial, helvetica, sans-serif; font-size: 16px;\">&#8211; Twee beklede vloerplaten van populieren multiplex<\/span><\/p>\n<p><span style=\"font-family: tahoma, arial, helvetica, sans-serif; font-size: 16px;\">&#8211; Voor- en achterbox van hoogwaardige populieren multiplex<\/span><\/p>\n<p><span style=\"font-family: tahoma, arial, helvetica, sans-serif; font-size: 16px;\">&#8211; Tussenstuk en tafel (met Fiamma poot)<\/span><\/p>\n<p><span style=\"font-family: tahoma, arial, helvetica, sans-serif; font-size: 16px;\">&#8211; Vier zit-\/ligkussens van 8 cm dik<\/span><\/p>\n<p><span style=\"font-family: tahoma, arial, helvetica, sans-serif; font-size: 16px;\">&#8211; Campingaz gasstel (met reduceertoestel, slang, gasfles)<\/span><\/p>\n<p><span style=\"font-family: tahoma, arial, helvetica, sans-serif; font-size: 16px;\">&#8211; Alpicool compressor koelbox 15 liter 12 V \/ 220 V<\/span><\/p>\n<p><span style=\"font-family: tahoma, arial, helvetica, sans-serif; font-size: 16px;\">&#8211; Thetford Porta Potti 335<\/span><\/p>\n<p><span style=\"font-family: tahoma, arial, helvetica, sans-serif; font-size: 16px;\">&#8211; Jerrycan<\/span><\/p>\n<p><span style=\"font-family: tahoma, arial, helvetica, sans-serif; font-size: 16px;\">&#8211; Opvouwbare afwasteil<\/span><\/p>\n<p><span style=\"font-family: tahoma, arial, helvetica, sans-serif; font-size: 16px;\">&#8211; Elektriciteit CEE 230 V met 20 meter kabel<\/span><\/p>\n<p>&#8211; Twee wandcontactdozen met USB aansluiting<\/p>\n<p><span style=\"font-family: tahoma, arial, helvetica, sans-serif; font-size: 16px;\">&#8211; Vloerbedekking PVC<\/span><\/p>\n<p><span style=\"font-family: tahoma, arial, helvetica, sans-serif; font-size: 10px; font-style: inherit; font-weight: inherit; background-color: initial;\"><span style=\"font-size: 16px;\">&#8211; Opstapje<\/span><br \/><\/span><\/p>\n<p><span style=\"font-family: tahoma, arial, helvetica, sans-serif; font-size: 10px; font-style: inherit; font-weight: inherit; background-color: initial;\"><span style=\"font-size: 16px;\">Dit pakket is nu direct uit voorraad leverbaar.\u00a0<br \/><br \/>Van <del>\u20ac 2900<\/del>\u00a0voor \u20ac 2750 inclusief BTW.\u00a0 \u00a0 \u00a0 Op = op.<\/span><br \/><span style=\"font-size: 16px;\"><br \/>Bij aflevering wordt het pakket in jou bijzijn direct ingebouwd in jouw Peugeot Partner Tepee of Citroen Berlingo Multispace.<\/span><\/span><\/p>","protected":false},"excerpt":{"rendered":"<p>Op dit moment hebben we \u00e9\u00e9n nieuwe compleet Camper-Doosie-pakket op voorraad.Met deze camperinrichting heeft u een bed, een zit, een keuken \u00e9n veel bagageruimte. Het Camper-Doosie-pakket bestaat uit: &#8211; Twee beklede vloerplaten van populieren multiplex &#8211; Voor- en achterbox van hoogwaardige populieren multiplex &#8211; Tussenstuk en tafel (met Fiamma poot) &#8211; Vier zit-\/ligkussens van 8 [&hellip;]<\/p>\n","protected":false},"author":1,"featured_media":0,"parent":0,"menu_order":0,"comment_status":"closed","ping_status":"closed","template":"","meta":{"footnotes":""},"class_list":["post-56","page","type-page","status-publish","hentry"],"_links":{"self":[{"href":"https:\/\/camper-doosie.nl\/index.php?rest_route=\/wp\/v2\/pages\/56","targetHints":{"allow":["GET"]}}],"collection":[{"href":"https:\/\/camper-doosie.nl\/index.php?rest_route=\/wp\/v2\/pages"}],"about":[{"href":"https:\/\/camper-doosie.nl\/index.php?rest_route=\/wp\/v2\/types\/page"}],"author":[{"embeddable":true,"href":"https:\/\/camper-doosie.nl\/index.php?rest_route=\/wp\/v2\/users\/1"}],"replies":[{"embeddable":true,"href":"https:\/\/camper-doosie.nl\/index.php?rest_route=%2Fwp%2Fv2%2Fcomments&post=56"}],"version-history":[{"count":14,"href":"https:\/\/camper-doosie.nl\/index.php?rest_route=\/wp\/v2\/pages\/56\/revisions"}],"predecessor-version":[{"id":257,"href":"https:\/\/camper-doosie.nl\/index.php?rest_route=\/wp\/v2\/pages\/56\/revisions\/257"}],"wp:attachment":[{"href":"https:\/\/camper-doosie.nl\/index.php?rest_route=%2Fwp%2Fv2%2Fmedia&parent=56"}],"curies":[{"name":"wp","href":"https:\/\/api.w.org\/{rel}","templated":true}]}}