{"id":21,"date":"2023-09-07T19:43:11","date_gmt":"2023-09-07T19:43:11","guid":{"rendered":"https:\/\/camper-doosie.nl\/?page_id=21"},"modified":"2024-01-03T20:06:03","modified_gmt":"2024-01-03T20:06:03","slug":"welkom","status":"publish","type":"page","link":"https:\/\/camper-doosie.nl\/","title":{"rendered":"Welkom"},"content":{"rendered":"<p><span style=\"font-family: tahoma, arial, helvetica, sans-serif; font-size: 16px;\">Met een Camper-Doosie bouw je in no-time je eigen alledaagse auto om tot camper (en van camper naar auto).<\/span><\/p>\n<p><span style=\"font-family: tahoma, arial, helvetica, sans-serif; font-size: 16px;\">Een volledige Camper-Doosie-pakket bestaat uit:<\/span><br \/><span style=\"font-family: tahoma, arial, helvetica, sans-serif; font-size: 16px;\">&#8211; twee vloerplaten<\/span><br \/><span style=\"font-family: tahoma, arial, helvetica, sans-serif; font-size: 16px;\">&#8211; \u00e9\u00e9n voor-Doosie<\/span><br \/><span style=\"font-family: tahoma, arial, helvetica, sans-serif; font-size: 16px;\">&#8211; \u00e9\u00e9n achter-Doosie\u00a0<\/span><br \/><span style=\"font-family: tahoma, arial, helvetica, sans-serif; font-size: 16px;\">&#8211; een tafel<\/span><br \/><span style=\"font-family: tahoma, arial, helvetica, sans-serif; font-size: 16px;\">&#8211; een opvulstuk<\/span><br \/><span style=\"font-family: tahoma, arial, helvetica, sans-serif; font-size: 16px;\">&#8211; pakket zit-\/ligkussens<\/span><\/p>\n<p><span style=\"font-family: tahoma, arial, helvetica, sans-serif; font-size: 16px;\">Na het installeren heb je een camper met zit, bed, keuken en bagageruimte.<\/span><br \/><span style=\"font-family: tahoma, arial, helvetica, sans-serif; font-size: 16px;\">Ons Camper-Doosie-pakket is geschikt voor de Peugeot Partner Tepee en Citroen Berlingo Multispace (het model dat tussen 2008 en 2019 is gefabriceerd). Bekijk het filmpje voor een eerste kennismaking met het Camper-Doosie-pakket.<\/span><\/p>\n\n\n<figure class=\"wp-block-video\"><video height=\"720\" style=\"aspect-ratio: 1280 \/ 720;\" width=\"1280\" controls src=\"https:\/\/camper-doosie.nl\/wp-content\/uploads\/2023\/09\/Camper-doosie-v3-kort-lage-resolutie.mp4\"><\/video><\/figure>\n\n\n<p><span style=\"font-family: tahoma, arial, helvetica, sans-serif; font-size: 20px;\"><strong>Wat kost dat?<\/strong><\/span><\/p>\n\n\n<div class=\"wp-block-columns is-layout-flex wp-container-core-columns-is-layout-9d6595d7 wp-block-columns-is-layout-flex\">\n<div class=\"wp-block-column is-layout-flow wp-block-column-is-layout-flow\">\n<p><span style=\"font-size: 16px;\"><strong><span style=\"font-family: 'Tahoma',sans-serif;\">Camper-Doosies <\/span><\/strong><span style=\"font-family: 'Tahoma',sans-serif;\">\u20ac 1399<br \/>&#8211; twee vloerplaten bekleed met PVC<br \/>&#8211; achter-Doosie<br \/>&#8211; voor-Doosie<br \/>&#8211; tafel (tafelblad en -poot)<br \/>&#8211; opvulstuk<br \/><\/span><\/span><\/p>\n<\/div>\n\n\n\n<div class=\"wp-block-column is-layout-flow wp-block-column-is-layout-flow\">\n<figure class=\"wp-block-image size-large\"><img loading=\"lazy\" decoding=\"async\" width=\"1024\" height=\"768\" src=\"https:\/\/camper-doosie.nl\/wp-content\/uploads\/2023\/09\/20230816_192538-1024x768.jpg\" alt=\"\" class=\"wp-image-69\" srcset=\"https:\/\/camper-doosie.nl\/wp-content\/uploads\/2023\/09\/20230816_192538-1024x768.jpg 1024w, https:\/\/camper-doosie.nl\/wp-content\/uploads\/2023\/09\/20230816_192538-300x225.jpg 300w, https:\/\/camper-doosie.nl\/wp-content\/uploads\/2023\/09\/20230816_192538-768x576.jpg 768w, https:\/\/camper-doosie.nl\/wp-content\/uploads\/2023\/09\/20230816_192538-1536x1152.jpg 1536w, https:\/\/camper-doosie.nl\/wp-content\/uploads\/2023\/09\/20230816_192538-2048x1536.jpg 2048w\" sizes=\"auto, (max-width: 1024px) 100vw, 1024px\" \/><\/figure>\n<\/div>\n<\/div>\n\n\n\n<hr class=\"wp-block-separator has-alpha-channel-opacity\"\/>\n\n\n\n<div class=\"wp-block-columns is-layout-flex wp-container-core-columns-is-layout-9d6595d7 wp-block-columns-is-layout-flex\">\n<div class=\"wp-block-column is-layout-flow wp-block-column-is-layout-flow\">\n<p><span style=\"font-family: tahoma, arial, helvetica, sans-serif; font-size: 16px;\"><span style=\"font-family: tahoma, arial, helvetica, sans-serif;\"><strong>Keuken<\/strong> \u20ac 275<strong><br \/><\/strong>&#8211; keukenlade: uitschuif- en uitneembaar<\/span><br \/><span style=\"font-family: tahoma, arial, helvetica, sans-serif;\">&#8211; 2-pits gasstel met (wind)deksel<\/span><br \/><span style=\"font-family: tahoma, arial, helvetica, sans-serif;\">&#8211; gasdrukregelaar<\/span><br \/><span style=\"font-family: tahoma, arial, helvetica, sans-serif;\">&#8211; gasfles<\/span><br \/><span style=\"font-family: tahoma, arial, helvetica, sans-serif;\">&#8211; opbergruimte voor pannen, servies en\/of bestek<\/span><\/span><\/p>\n<\/div>\n\n\n\n<div class=\"wp-block-column is-layout-flow wp-block-column-is-layout-flow\">\n<figure class=\"wp-block-image size-large\"><img loading=\"lazy\" decoding=\"async\" width=\"1024\" height=\"768\" src=\"https:\/\/camper-doosie.nl\/wp-content\/uploads\/2023\/09\/20230815_201723-1024x768.jpg\" alt=\"\" class=\"wp-image-70\" srcset=\"https:\/\/camper-doosie.nl\/wp-content\/uploads\/2023\/09\/20230815_201723-1024x768.jpg 1024w, https:\/\/camper-doosie.nl\/wp-content\/uploads\/2023\/09\/20230815_201723-300x225.jpg 300w, https:\/\/camper-doosie.nl\/wp-content\/uploads\/2023\/09\/20230815_201723-768x576.jpg 768w, https:\/\/camper-doosie.nl\/wp-content\/uploads\/2023\/09\/20230815_201723-1536x1152.jpg 1536w, https:\/\/camper-doosie.nl\/wp-content\/uploads\/2023\/09\/20230815_201723-2048x1536.jpg 2048w\" sizes=\"auto, (max-width: 1024px) 100vw, 1024px\" \/><\/figure>\n<\/div>\n<\/div>\n\n\n\n<hr class=\"wp-block-separator has-alpha-channel-opacity\"\/>\n\n\n\n<div class=\"wp-block-columns is-layout-flex wp-container-core-columns-is-layout-9d6595d7 wp-block-columns-is-layout-flex\">\n<div class=\"wp-block-column is-layout-flow wp-block-column-is-layout-flow\">\n<p><span style=\"font-family: tahoma, arial, helvetica, sans-serif; font-size: 16px;\"><span style=\"font-family: tahoma, arial, helvetica, sans-serif;\"><b>Inrichting achter-Doosie <\/b>\u20ac 425<b><br \/><\/b>&#8211; draagbaar toilet<\/span><br \/><span style=\"font-family: tahoma, arial, helvetica, sans-serif;\">&#8211; vouwkrat<\/span><br \/><span style=\"font-family: tahoma, arial, helvetica, sans-serif;\">&#8211; compressor koelbox 15 liter 12V \/ 230 V (uitschuifbaar)<\/span><br \/><span style=\"font-family: tahoma, arial, helvetica, sans-serif;\">&#8211; jerrycan 5 liter<\/span><br \/><span style=\"font-family: tahoma, arial, helvetica, sans-serif;\">&#8211; opvouwbare afwasteil 10 liter<\/span><\/span><\/p>\n<\/div>\n\n\n\n<div class=\"wp-block-column is-layout-flow wp-block-column-is-layout-flow\">\n<figure class=\"wp-block-image size-large\"><img loading=\"lazy\" decoding=\"async\" width=\"1024\" height=\"768\" src=\"https:\/\/camper-doosie.nl\/wp-content\/uploads\/2023\/09\/20230825_200439-1024x768.jpg\" alt=\"\" class=\"wp-image-71\" srcset=\"https:\/\/camper-doosie.nl\/wp-content\/uploads\/2023\/09\/20230825_200439-1024x768.jpg 1024w, https:\/\/camper-doosie.nl\/wp-content\/uploads\/2023\/09\/20230825_200439-300x225.jpg 300w, https:\/\/camper-doosie.nl\/wp-content\/uploads\/2023\/09\/20230825_200439-768x576.jpg 768w, https:\/\/camper-doosie.nl\/wp-content\/uploads\/2023\/09\/20230825_200439-1536x1152.jpg 1536w, https:\/\/camper-doosie.nl\/wp-content\/uploads\/2023\/09\/20230825_200439-2048x1536.jpg 2048w\" sizes=\"auto, (max-width: 1024px) 100vw, 1024px\" \/><\/figure>\n<\/div>\n<\/div>\n\n\n\n<hr class=\"wp-block-separator has-alpha-channel-opacity\"\/>\n\n\n\n<div class=\"wp-block-columns is-layout-flex wp-container-core-columns-is-layout-9d6595d7 wp-block-columns-is-layout-flex\">\n<div class=\"wp-block-column is-layout-flow wp-block-column-is-layout-flow\">\n<p><span style=\"font-family: tahoma, arial, helvetica, sans-serif; font-size: 16px;\"><span style=\"font-family: tahoma, arial, helvetica, sans-serif;\"><strong>Matrassen <\/strong>\u20ac 425<strong><br \/><\/strong>&#8211; vier kussens dikte 7 cm met afritsbare hoezen<\/span><\/p>\n<p><\/span><\/p>\n<\/div>\n\n\n\n<div class=\"wp-block-column is-layout-flow wp-block-column-is-layout-flow\">\n<figure class=\"wp-block-image size-large\"><img loading=\"lazy\" decoding=\"async\" width=\"1024\" height=\"768\" src=\"https:\/\/camper-doosie.nl\/wp-content\/uploads\/2023\/09\/20230815_202703-1024x768.jpg\" alt=\"\" class=\"wp-image-72\" srcset=\"https:\/\/camper-doosie.nl\/wp-content\/uploads\/2023\/09\/20230815_202703-1024x768.jpg 1024w, https:\/\/camper-doosie.nl\/wp-content\/uploads\/2023\/09\/20230815_202703-300x225.jpg 300w, https:\/\/camper-doosie.nl\/wp-content\/uploads\/2023\/09\/20230815_202703-768x576.jpg 768w, https:\/\/camper-doosie.nl\/wp-content\/uploads\/2023\/09\/20230815_202703-1536x1152.jpg 1536w, https:\/\/camper-doosie.nl\/wp-content\/uploads\/2023\/09\/20230815_202703-2048x1536.jpg 2048w\" sizes=\"auto, (max-width: 1024px) 100vw, 1024px\" \/><\/figure>\n<\/div>\n<\/div>\n\n\n<p><span style=\"font-family: tahoma, arial, helvetica, sans-serif; font-size: 20px;\"><strong>Opties<\/strong><\/span><\/p>\n\n\n<div class=\"wp-block-columns is-layout-flex wp-container-core-columns-is-layout-9d6595d7 wp-block-columns-is-layout-flex\">\n<div class=\"wp-block-column is-layout-flow wp-block-column-is-layout-flow\">\n<p><strong><span style=\"font-family: tahoma, arial, helvetica, sans-serif;\">Andere RAL kleur camper-doosies\u00a0<\/span><\/strong><span style=\"font-family: tahoma, arial, helvetica, sans-serif;\">\u20ac 50<\/span><\/p>\n<\/div>\n\n\n\n<div class=\"wp-block-column is-layout-flow wp-block-column-is-layout-flow\"><\/div>\n<\/div>\n\n\n\n<div class=\"wp-block-columns is-layout-flex wp-container-core-columns-is-layout-9d6595d7 wp-block-columns-is-layout-flex\">\n<div class=\"wp-block-column is-layout-flow wp-block-column-is-layout-flow\">\n<p><strong><span style=\"font-family: tahoma, arial, helvetica, sans-serif;\">Dubbele bodem voorbox\u00a0<\/span><\/strong><span style=\"font-family: tahoma, arial, helvetica, sans-serif;\">\u20ac 75<\/span><\/p>\n<\/div>\n\n\n\n<div class=\"wp-block-column is-layout-flow wp-block-column-is-layout-flow\">\n<figure class=\"wp-block-image size-large\"><img loading=\"lazy\" decoding=\"async\" width=\"1024\" height=\"768\" src=\"https:\/\/camper-doosie.nl\/wp-content\/uploads\/2024\/01\/20230815_201509-1024x768.jpg\" alt=\"\" class=\"wp-image-244\" srcset=\"https:\/\/camper-doosie.nl\/wp-content\/uploads\/2024\/01\/20230815_201509-1024x768.jpg 1024w, https:\/\/camper-doosie.nl\/wp-content\/uploads\/2024\/01\/20230815_201509-300x225.jpg 300w, https:\/\/camper-doosie.nl\/wp-content\/uploads\/2024\/01\/20230815_201509-768x576.jpg 768w, https:\/\/camper-doosie.nl\/wp-content\/uploads\/2024\/01\/20230815_201509-1536x1152.jpg 1536w, https:\/\/camper-doosie.nl\/wp-content\/uploads\/2024\/01\/20230815_201509-2048x1536.jpg 2048w, https:\/\/camper-doosie.nl\/wp-content\/uploads\/2024\/01\/20230815_201509-200x150.jpg 200w\" sizes=\"auto, (max-width: 1024px) 100vw, 1024px\" \/><\/figure>\n<\/div>\n<\/div>\n\n\n\n<div class=\"wp-block-columns is-layout-flex wp-container-core-columns-is-layout-9d6595d7 wp-block-columns-is-layout-flex\">\n<div class=\"wp-block-column is-layout-flow wp-block-column-is-layout-flow\">\n<p><span style=\"font-family: tahoma, arial, helvetica, sans-serif;\"><strong>Elektra achterbox<\/strong> \u20ac 120<\/span><\/p>\n<\/div>\n\n\n\n<div class=\"wp-block-column is-layout-flow wp-block-column-is-layout-flow\"><\/div>\n<\/div>\n\n\n\n<div class=\"wp-block-columns is-layout-flex wp-container-core-columns-is-layout-9d6595d7 wp-block-columns-is-layout-flex\">\n<div class=\"wp-block-column is-layout-flow wp-block-column-is-layout-flow\">\n<p><span style=\"font-family: tahoma, arial, helvetica, sans-serif;\"><strong>Extra wandcontactdoos\u00a0<\/strong>\u20ac 50<\/span><\/p>\n<\/div>\n\n\n\n<div class=\"wp-block-column is-layout-flow wp-block-column-is-layout-flow\">\n<figure class=\"wp-block-image size-large\"><img loading=\"lazy\" decoding=\"async\" width=\"1024\" height=\"768\" src=\"https:\/\/camper-doosie.nl\/wp-content\/uploads\/2024\/01\/20230816_192819-1024x768.jpg\" alt=\"\" class=\"wp-image-246\" srcset=\"https:\/\/camper-doosie.nl\/wp-content\/uploads\/2024\/01\/20230816_192819-1024x768.jpg 1024w, https:\/\/camper-doosie.nl\/wp-content\/uploads\/2024\/01\/20230816_192819-300x225.jpg 300w, https:\/\/camper-doosie.nl\/wp-content\/uploads\/2024\/01\/20230816_192819-768x576.jpg 768w, https:\/\/camper-doosie.nl\/wp-content\/uploads\/2024\/01\/20230816_192819-1536x1152.jpg 1536w, https:\/\/camper-doosie.nl\/wp-content\/uploads\/2024\/01\/20230816_192819-2048x1536.jpg 2048w, https:\/\/camper-doosie.nl\/wp-content\/uploads\/2024\/01\/20230816_192819-200x150.jpg 200w\" sizes=\"auto, (max-width: 1024px) 100vw, 1024px\" \/><\/figure>\n<\/div>\n<\/div>\n\n\n\n<div class=\"wp-block-columns is-layout-flex wp-container-core-columns-is-layout-9d6595d7 wp-block-columns-is-layout-flex\">\n<div class=\"wp-block-column is-layout-flow wp-block-column-is-layout-flow\">\n<p><span style=\"font-family: tahoma, arial, helvetica, sans-serif;\"><strong>Lounge bank optie <\/strong>\u20ac 35<\/span><\/p>\n<\/div>\n\n\n\n<div class=\"wp-block-column is-layout-flow wp-block-column-is-layout-flow\"><\/div>\n<\/div>\n\n\n\n<div class=\"wp-block-columns is-layout-flex wp-container-core-columns-is-layout-9d6595d7 wp-block-columns-is-layout-flex\">\n<div class=\"wp-block-column is-layout-flow wp-block-column-is-layout-flow\">\n<p><span style=\"font-family: tahoma, arial, helvetica, sans-serif;\"><strong>Andere PVC vloerbedekking<\/strong> \u20ac 50<\/span><\/p>\n<\/div>\n\n\n\n<div class=\"wp-block-column is-layout-flow wp-block-column-is-layout-flow\">\n<figure class=\"wp-block-image size-large\"><img loading=\"lazy\" decoding=\"async\" width=\"1024\" height=\"461\" src=\"https:\/\/camper-doosie.nl\/wp-content\/uploads\/2024\/01\/Kleuren-PVC-vloer-1024x461.jpg\" alt=\"\" class=\"wp-image-242\" srcset=\"https:\/\/camper-doosie.nl\/wp-content\/uploads\/2024\/01\/Kleuren-PVC-vloer-1024x461.jpg 1024w, https:\/\/camper-doosie.nl\/wp-content\/uploads\/2024\/01\/Kleuren-PVC-vloer-300x135.jpg 300w, https:\/\/camper-doosie.nl\/wp-content\/uploads\/2024\/01\/Kleuren-PVC-vloer-768x346.jpg 768w, https:\/\/camper-doosie.nl\/wp-content\/uploads\/2024\/01\/Kleuren-PVC-vloer-1536x691.jpg 1536w, https:\/\/camper-doosie.nl\/wp-content\/uploads\/2024\/01\/Kleuren-PVC-vloer-2048x922.jpg 2048w, https:\/\/camper-doosie.nl\/wp-content\/uploads\/2024\/01\/Kleuren-PVC-vloer-200x90.jpg 200w\" sizes=\"auto, (max-width: 1024px) 100vw, 1024px\" \/><\/figure>\n<\/div>\n<\/div>\n\n\n\n<div class=\"wp-block-columns is-layout-flex wp-container-core-columns-is-layout-9d6595d7 wp-block-columns-is-layout-flex\">\n<div class=\"wp-block-column is-layout-flow wp-block-column-is-layout-flow\">\n<p><strong><span style=\"font-family: tahoma, arial, helvetica, sans-serif;\">Matras Hoog ligcomfort 8 cm dik <\/span><\/strong><span style=\"font-family: tahoma, arial, helvetica, sans-serif;\">\u20ac 525<\/span><\/p>\n<\/div>\n\n\n\n<div class=\"wp-block-column is-layout-flow wp-block-column-is-layout-flow\"><\/div>\n<\/div>\n\n\n\n<hr class=\"wp-block-separator has-alpha-channel-opacity\"\/>\n\n\n<p><span style=\"font-family: tahoma, arial, helvetica, sans-serif; font-size: 20px;\"><strong>Wat is de levertijd?<\/strong><\/span><\/p>\n<p><span style=\"font-size: 16px;\"><span style=\"font-family: tahoma, arial, helvetica, sans-serif;\">De levertijd van een compleet camper-doosie-pakket is circa 6 weken (in het laagseizoen van september t\/m april). <br \/>In het hoogseizoen is de levertijd circa 8 weken.<br \/>Een enkele keer is een Camper-Doosie-pakket uit voorraad leverbaar. De levertijd is dan circa 1 week.<\/span><\/span><\/p>\n\n\n<hr class=\"wp-block-separator has-alpha-channel-opacity\"\/>\n\n\n<p><span style=\"font-family: tahoma, arial, helvetica, sans-serif; font-size: 10px;\"><span style=\"font-family: tahoma, arial, helvetica, sans-serif; font-size: 10pt;\"><span style=\"font-size: 20px;\"><strong><span style=\"font-family: 'Tahoma',sans-serif;\">Waarom een Camper-Doosie?<\/span><\/strong><\/span><b><span style=\"font-size: 10.0pt; font-family: 'Tahoma',sans-serif;\"><br \/><\/span><\/b><span style=\"font-size: 16px; font-family: Tahoma, sans-serif;\">&#8211; Een compacte camper voor een klein budget.<br \/><\/span><span style=\"font-size: 16px; font-family: Tahoma, sans-serif;\">&#8211; Trein-zit (geen achter-zit).<\/span><br \/><span style=\"font-size: 16px; font-family: Tahoma, sans-serif;\">&#8211; Huiselijke sfeer door gebruik van hout, mooie stoffen en eigentijdse kleuren.<\/span><br \/><span style=\"font-size: 16px; font-family: Tahoma, sans-serif;\">&#8211; Gebruik van A-merk apparatuur.<\/span><br \/><span style=\"font-size: 16px; font-family: Tahoma, sans-serif;\">&#8211; Voorzien van elektra 230 V.<\/span><br \/><span style=\"font-size: 16px; font-family: Tahoma, sans-serif;\">&#8211; In elkaar <u>geschroefd<\/u> (dus later zijn nog aanpassingen mogelijk).<\/span><\/span><\/span><\/p>\n\n\n<div class=\"wp-block-cover\" style=\"font-size:90px;min-height:250px;aspect-ratio:unset;\"><span aria-hidden=\"true\" class=\"wp-block-cover__background has-background-dim-0 has-background-dim\"><\/span><img loading=\"lazy\" decoding=\"async\" width=\"2560\" height=\"952\" class=\"wp-block-cover__image-background wp-image-77\" alt=\"\" src=\"https:\/\/camper-doosie.nl\/wp-content\/uploads\/2023\/09\/20230817_183711-v3-1-scaled.jpg\" data-object-fit=\"cover\" srcset=\"https:\/\/camper-doosie.nl\/wp-content\/uploads\/2023\/09\/20230817_183711-v3-1-scaled.jpg 2560w, https:\/\/camper-doosie.nl\/wp-content\/uploads\/2023\/09\/20230817_183711-v3-1-300x112.jpg 300w, https:\/\/camper-doosie.nl\/wp-content\/uploads\/2023\/09\/20230817_183711-v3-1-1024x381.jpg 1024w, https:\/\/camper-doosie.nl\/wp-content\/uploads\/2023\/09\/20230817_183711-v3-1-768x286.jpg 768w, https:\/\/camper-doosie.nl\/wp-content\/uploads\/2023\/09\/20230817_183711-v3-1-1536x571.jpg 1536w, https:\/\/camper-doosie.nl\/wp-content\/uploads\/2023\/09\/20230817_183711-v3-1-2048x762.jpg 2048w\" sizes=\"auto, (max-width: 2560px) 100vw, 2560px\" \/><div class=\"wp-block-cover__inner-container is-layout-constrained wp-block-cover-is-layout-constrained\">\n<p class=\"has-text-align-center has-large-font-size\">Mooie stoffen &amp; Eigentijdse kleuren<\/p>\n<\/div><\/div>\n\n\n\n<hr class=\"wp-block-separator has-alpha-channel-opacity\"\/>\n\n\n<p><strong><span style=\"font-family: tahoma, arial, helvetica, sans-serif; font-size: 16px;\"><span style=\"font-size: 20px;\">In- en uitbouwen<\/span><br \/><\/span><\/strong><span style=\"font-family: tahoma, arial, helvetica, sans-serif; font-size: 16px;\"><span style=\"font-size: 12px;\"><span style=\"font-size: 14px;\"><span style=\"font-size: 16px;\">In no-time is een Camper-Doosie-pakket ingebouwd \u00e9n uitgebouwd.<\/span><br \/><\/span><\/span><\/span><\/p>\n\n\n<figure class=\"wp-block-video\"><video height=\"480\" style=\"aspect-ratio: 852 \/ 480;\" width=\"852\" controls src=\"https:\/\/camper-doosie.nl\/wp-content\/uploads\/2023\/09\/In-en-uitbouwen-small.mp4\"><\/video><\/figure>\n\n\n\n<hr class=\"wp-block-separator has-alpha-channel-opacity\"\/>\n","protected":false},"excerpt":{"rendered":"<p>Met een Camper-Doosie bouw je in no-time je eigen alledaagse auto om tot camper (en van camper naar auto). Een volledige Camper-Doosie-pakket bestaat uit:&#8211; twee vloerplaten&#8211; \u00e9\u00e9n voor-Doosie&#8211; \u00e9\u00e9n achter-Doosie\u00a0&#8211; een tafel&#8211; een opvulstuk&#8211; pakket zit-\/ligkussens Na het installeren heb je een camper met zit, bed, keuken en bagageruimte.Ons Camper-Doosie-pakket is geschikt voor de Peugeot [&hellip;]<\/p>\n","protected":false},"author":1,"featured_media":0,"parent":0,"menu_order":0,"comment_status":"closed","ping_status":"closed","template":"","meta":{"footnotes":""},"class_list":["post-21","page","type-page","status-publish","hentry"],"_links":{"self":[{"href":"https:\/\/camper-doosie.nl\/index.php?rest_route=\/wp\/v2\/pages\/21","targetHints":{"allow":["GET"]}}],"collection":[{"href":"https:\/\/camper-doosie.nl\/index.php?rest_route=\/wp\/v2\/pages"}],"about":[{"href":"https:\/\/camper-doosie.nl\/index.php?rest_route=\/wp\/v2\/types\/page"}],"author":[{"embeddable":true,"href":"https:\/\/camper-doosie.nl\/index.php?rest_route=\/wp\/v2\/users\/1"}],"replies":[{"embeddable":true,"href":"https:\/\/camper-doosie.nl\/index.php?rest_route=%2Fwp%2Fv2%2Fcomments&post=21"}],"version-history":[{"count":20,"href":"https:\/\/camper-doosie.nl\/index.php?rest_route=\/wp\/v2\/pages\/21\/revisions"}],"predecessor-version":[{"id":253,"href":"https:\/\/camper-doosie.nl\/index.php?rest_route=\/wp\/v2\/pages\/21\/revisions\/253"}],"wp:attachment":[{"href":"https:\/\/camper-doosie.nl\/index.php?rest_route=%2Fwp%2Fv2%2Fmedia&parent=21"}],"curies":[{"name":"wp","href":"https:\/\/api.w.org\/{rel}","templated":true}]}}